 -1 + o**3 - 16058*o + 16058*o. Let n = 3 - 1. Calculate t(n).
7
Let t(j) = -j**3 + 3*j**2 - 2*j + 3. Let h(r) = -r**3 + 3*r**2 + 3*r - 2. Let p be h(2). Let l = p + -7. Let o be 5/(-5)*(-3)/l. Calculate t(o).
-3
Let m(s) = -100 + 54 - s + 49. Let n(c) = -c**3 + 10*c**2 - 9*c - 3. Let o be n(9). Give m(o).
6
Suppose -184*z + 152*z - 32 = 0. Let u(r) = -1 + 0*r**3 - 6*r**3 - r**3. Determine u(z).
6
Let y(j) = -2 - j**2 - 3*j + 2*j**2 + 22 - 22. Determine y(-2).
8
Let q(l) = -2*l**2 + 12*l - 6. Let k(b) = -3*b**2 + 14*b - 6. Let c(w) = -3*k(w) + 4*q(w). Give c(-7).
1
Let a be (-41)/7 + (-2)/14. Let m be (-44)/a + 5/(-15). Let l(p) be the third derivative of -p**5/60 + 7*p**4/24 - p**3/3 - 4*p**2. Calculate l(m).
-2
Let x(j) be the second derivative of -j**3/6 + j**2 - 5*j. Let f(w) = w + 13. Let k be f(-9). Give x(k).
-2
Let g(h) = h**3 + 3*h**2 - 2*h + 3. Let v be 3 + 22/(-6) - (-28)/(-12). What is g(v)?
9
Let j(b) = b**3 - 3*b**2 + b - 1. Let n = 398 - 396. What is j(n)?
-3
Let o be ((-14)/(-6))/(1*(-1)/(-3)). Suppose 12 + 30 = -o*k. Let l(m) = m**3 + 5*m**2 - 3*m + 4. Determine l(k).
-14
Let b be (-1 - 5)*(-12 + 16 - 3). Let j(l) = l**2 + 6*l - 2. Give j(b).
-2
Let x(z) = -3*z + 1. Let q(g) = -2*g**3 - 4*g. Let i be q(0). Calculate x(i).
1
Let n(z) = -z**3 - z + 5. Let g(j) = j**3 + 10*j**2 + 10*j + 11. Let y be g(-9). Suppose -5*l = -6*v + v - 10, y*v = -4*l - 4. Give n(l).
5
Suppose 0 = -2*y - 8*y + 30. Let c(p) = -3 + y*p - 7 + 3 - p. Suppose 0 = 5*a - a - 20. Give c(a).
3
Let k = -316 + 314. Let y(p) = -p**3 - 3*p**2 - 2*p + 1. Give y(k).
1
Let a(b) = -b**3 + 4*b**2 - 7*b + 6. Suppose -10*n + 12*n = 32. Suppose -4*z + z - 2 = -2*p, 2*p + 4*z = n. Determine a(p).
-22
Let f(c) be the first derivative of -c**4/4 + 3*c**3 - 11*c**2/2 + 6*c - 760. Give f(8).
-18
Let c(n) = -n**3 - 4*n**2 + 3*n + 4. Suppose 33 - 27 = -2*x. Determine c(x).
-14
Let o(w) = w**3 - 4*w**2 - 2*w + 2. Suppose 62 - 341 = -93*m. Calculate o(m).
-13
Let p(v) = 2*v + 2. Suppose 3*h + 16 = -0*a + 5*a, -5*a = -10. Let j be (h + 7)/(0 - 1). What is p(j)?
-8
Let d(m) = -m**3 + 15*m**2 + m - 10. Suppose -3*w + 65 = 20. Let r be d(w). Let y(j) = -j**2 + 8*j - 1. What is y(r)?
14
Let g(c) = c**3 + 3*c**2 - 4*c - 5. Suppose 37 + 99 = 4*z. Suppose -5*v + 88 = 4*h, -4*v + z = -3*h - 24. Let a = 12 - v. Give g(a).
-5
Let f(u) = 4*u + 9. Suppose -9*c = -8*c + 44. Let l be c/11 - (-1 - -3). Determine f(l).
-15
Let n(a) = -a**2 - 3*a - 3. Let u(c) = -c + 18. Let k be u(10). Suppose -4*b + 28 = 5*t - 4*t, -4*b = -4*t + 32. Let i = k - t. Calculate n(i).
-7
Let d(v) = -v**2 + 3*v + 2. Suppose 4*x - 4 = -4*u, 1 = -3*x - 5*u - 0*u. Let l be d(x). Suppose -4*h = -l*h + 10. Let t(c) = c**2 + 7*c + 1. Give t(h).
-9
Let f(r) = r**3 + r**2 + 2. Let h = 38 + -38. Suppose -w = 3*u + 2*w - 15, 2*w = 5*u - 32. Suppose 3*s - u*s = h. Calculate f(s).
2
Let v = -2 + 3. Let w be (-10)/4*(-2)/v. Let a be 1/4 - w/4. Let p(c) = 9*c**2 + 2*c + 1. What is p(a)?
8
Let g(i) = 2*i**2 + 2*i + 3. Let z be 36*(-3)/(-6)*-2. Let w = z - -34. Determine g(w).
7
Suppose -4*s = -2*a - 40, 2*a - 7 = 3*s - 43. Let t be (0 - 9/a)*4. Let q(k) = -k**t + 34 - 26 + 2*k**3. Calculate q(0).
8
Let s(m) be the third derivative of m**5/30 - 276*m**2 + 2. Calculate s(-3).
18
Let j(y) be the second derivative of y**7/840 - y**6/45 + y**5/24 + y**4/8 - 9*y**3/2 + 13*y. Let u(k) be the second derivative of j(k). Determine u(7).
-11
Let o(u) = 11*u**2 + 3*u - 4. Let y(a) = 14*a**2 + 4*a - 6. Let r(p) = -3*o(p) + 2*y(p). What is r(-1)?
-4
Let o(f) be the third derivative of -f**6/120 + f**5/5 - f**4/2 + f**3/2 - 2*f**2 + 4. Give o(11).
-8
Let r(z) = -9*z**2 - 15*z - 30. Let v(j) = 4*j**2 + 7*j + 14. Let b(i) = -6*r(i) - 13*v(i). What is b(2)?
4
Let q(l) = 4*l + 14. Let j be q(-7). Let y be (8/(-3) - -2)/(j/(-21)). Let b(u) = -2*u**2 - 2*u + 0*u**3 - 3*u**3 - 1 - 3*u**3. Give b(y).
5
Let c(w) be the second derivative of -w**5/20 + 7*w**4/12 - w**3/6 + w**2 - 4*w. Let r = -7 + 14. Determine c(r).
-5
Let v(b) = -b**2 + 8*b + 4. Suppose m = 2*h - 3*h + 7, 0 = 2*h - 8. Let j(w) = -4 + 2*w**2 - 8*w + 0*w**2 - w**2. Let c(l) = m*v(l) + 2*j(l). Determine c(8).
4
Let x(k) be the second derivative of 0 + 1/2*k**4 + 0*k**3 + 43*k - 1/2*k**2 + 1/20*k**5. Calculate x(-6).
-1
Let y(c) = 3*c**3 + c + 22*c**2 - 1 + 3 - 4*c**3 - 26*c**2. Let f = -24 + 22. What is y(f)?
-8
Let v(s) be the third derivative of s**6/120 + s**5/30 + s**4/12 + s**3/6 + 226*s**2. What is v(-2)?
-3
Let s(x) = -5*x - 6. Let j be s(0). Let p be 75/45 + (-2)/j. Let q(v) = -v**3 + 2*v**2 + 2*v + 1. Give q(p).
5
Let m be 1092/(-390)*(-10)/4. Let g(u) = 2*u - 7. Determine g(m).
7
Let i(h) = 13*h**2 - 33*h - 8. Let w = 35 - 1. Let s(q) = 4*q - w*q**2 + q + 3*q + 2 + 31*q**2. Let c(g) = 2*i(g) + 9*s(g). Give c(6).
2
Let n = 21 + -13. Suppose -4*s + 2*d = -60, -4*d = -n*s + 3*s + 78. Let l(a) = -s + 14 - a + 9*a**2. What is l(1)?
8
Let d = -217 + 218. Suppose -4*x + 18 = 2. Let b(a) = 2*a**2 + x*a + 1 - 4*a**2 - 5*a. Give b(d).
-2
Let o(w) = -3*w + 2. Let f be o(0). Suppose f*m + 24 = -4*m. Let g(q) be the second derivative of q**3/6 + q**2/2 - q. What is g(m)?
-3
Suppose 0 = 2*w + 1 - 7. Let a(n) = -7*n**3 - n + 3*n**w + 4*n**3 + n**2 + 8 + n**3. Calculate a(0).
8
Let i(q) = -9 - 45*q + 2*q**2 - 21*q + 53*q - 1. Calculate i(6).
-16
Let d(l) = -10 - l**3 - 3*l**3 - 94*l + l**2 + 93*l + 0*l**2 + 3*l**3. Determine d(0).
-10
Suppose 115*z + 515 = 55. Let o(q) = q**3 - q + 3*q**2 - 1 - 2*q - q. Determine o(z).
-1
Let d(o) = 14*o**2 - 11*o + 16. Let c(g) = 17*g**2 - 11*g + 17. Let w(a) = 5*c(a) - 6*d(a). Calculate w(-13).
15
Let h(g) = -7*g - 8. Let f = -50 - -33. Let t be f - -8 - 6/(-2). Let z(v) = -15*v - 17. Let n(x) = t*z(x) + 13*h(x). Calculate n(-5).
3
Let j = -389 + 393. Suppose -y = -f - 3, 0*y + 12 = 4*y + 5*f. Suppose 0*o = 4*o + r - 7, -y*o - r = -j. Let d(g) = -g + 3. What is d(o)?
0
Let x = -1 + 1. Let p(a) = x*a + 5*a - 2*a**2 + 0*a + a**2 + 1. Let r = -19 - -23. Calculate p(r).
5
Let h(p) = -p - 7. Let k be 8 + -19 - (-3 - -4). Determine h(k).
5
Let o be 1*(0/2)/(-5). Let m(a) = -a**3 + a**2 + a + 16. Give m(o).
16
Let h(c) be the third derivative of c**7/420 - c**6/720 - c**5/120 - c**4/6 + 4*c**2. Let p(g) be the second derivative of h(g). Give p(-1).
6
Let r(h) = h**2 + 4*h - 2*h + 2 - 3*h - 6. Let m be r(3). Let k(p) = -1 + 1 + 3*p**m + 1 - 2*p**2 + p. Calculate k(-2).
3
Let r = -5855 - -5851. Let x(l) = 3*l - 2 + 0 - 1. What is x(r)?
-15
Let c(s) = -s**2 - 2*s + 5. Let z be c(-2). Let g(m) = 2*m + 12. Let k(u) = -u - 6. Let a(r) = z*k(r) + 3*g(r). Give a(0).
6
Let z(d) = -7*d - 7*d**2 + d**3 - 3*d**3 - 1 + d**3. Suppose -2*p = -9*w + 5*w - 18, -2*p - 2 = 0. Determine z(w).
-16
Let o(a) = -1. Let y(d) = 3*d + 0*d + d + d. Suppose 3*k - 11 = 2*b, k + 1 = -4*b - 0*k. Let w(j) = b*y(j) - o(j). Calculate w(-1).
6
Let a be 12/8 - (2 - (-18)/12). Let m(u) = 14*u - 1. What is m(a)?
-29
Let b(s) = 3*s**2 + 3*s + 2. Let l = 97 + -95. Suppose -l*u = 8 - 4. Give b(u).
8
Let f(t) = -t**2 - 5*t - 4. Suppose 2*j + 6*g + 12 = 2*g, -9 = 5*j + 3*g. Suppose j = -c - 3 - 0. Let n be 3 - (11 + c/1). Calculate f(n).
-4
Let q(k) = -k**3 - 5*k**2 + 6*k + 2. Let u be q(-6). Suppose 0 = -2*l - 2*l + 80. Let p be (u/(-2))/(l/(-100)). Let w(z) = z**2 - 2*z - 1. Calculate w(p).
14
Let w(n) = -5 + 1 - 9*n + n**2 - 1 + 0 - 5. What is w(9)?
-10
Suppose 3*t - 4 = 3*b + 8, 2*b + 3*t = 2. Let r(x) = 7*x**2 + 2*x - 1. Let w(s) = 4*s**2 + s - 1. Let f(a) = 3*r(a) - 5*w(a). Give f(b).
4
Let a(x) = 9*x**3 + 7*x - 4*x**3 - 4*x**2 - 7*x**3 + x**3. Determine a(-5).
-10
Let o(k) = -4*k - 7. Let f(b) = -3*b - 6. Let y(i) = 5*f(i) - 4*o(i). Let w = 72 - 66. What is y(w)?
4
Let n = -10 - -5. Let t(p) = -27 - 25 - p + 111 - 28 - 32. Determine t(n).
4
Let k(q) be the second derivative of -5/2*q**2 - 5*q + 1/12*q**4 + 0 + 1/30*q**5 - 1/2*q**3. Let p(l) be the first derivative of k(l). What is p(-3)?
9
Let t = -1119/2 - -560. Let z(n) be the second derivative of 1/6*n**3 - t*n**2 + 4*n + 0. What is z(6)?
5
Let q(z) = -3*z**3 - 11*z - 10. Let d(m) = 2*m**3 - m**2 + 10*m + 9. Let b(k) = 4*d(k) + 3*q(k). Suppose 7*o = -5*o - 60. Calculate b(o).
-4
Suppose 5*n - 4*i = 9 + 12, 2*n = 2*i + 10. Let t(m) be the second deri